{"id":140,"date":"2016-01-26T13:23:42","date_gmt":"2016-01-26T13:23:42","guid":{"rendered":"http:\/\/fb-rodgau.de\/?page_id=140"},"modified":"2016-01-28T15:03:50","modified_gmt":"2016-01-28T15:03:50","slug":"impressum-standort","status":"publish","type":"page","link":"http:\/\/fb-rodgau.de\/?page_id=140","title":{"rendered":"Impressum \u00b7 Kontakt \u00b7 Standort"},"content":{"rendered":"<section class=\"wpb-content-wrapper\"><p>[vc_row][vc_column][vc_gmaps link=&#8221;#E-8_JTNDaWZyYW1lJTIwc3JjJTNEJTIyaHR0cHMlM0ElMkYlMkZ3d3cuZ29vZ2xlLmNvbSUyRm1hcHMlMkZlbWJlZCUzRnBiJTNEJTIxMW0yMSUyMTFtMTIlMjExbTMlMjExZDIyMjUuMTQyNjMwMTY1NzA4NCUyMTJkOC44NTE1OTkzMTIyMDYzNzMlMjEzZDQ5Ljk5NzY2ODY4MjQ0Nzc3NCUyMTJtMyUyMTFmMCUyMTJmMCUyMTNmMCUyMTNtMiUyMTFpMTAyNCUyMTJpNzY4JTIxNGYxMy4xJTIxNG02JTIxM2U2JTIxNG0wJTIxNG0zJTIxM20yJTIxMWQ0OS45OTg0MTMxJTIxMmQ4Ljg1MDk0NjclMjE1ZTElMjEzbTIlMjExc2RlJTIxMnNkZSUyMTR2MTQ0NjU1MzQyMjc2NyUyMiUyMHdpZHRoJTNEJTIyNjAwJTIyJTIwaGVpZ2h0JTNEJTIyNDUwJTIyJTIwZnJhbWVib3JkZXIlM0QlMjIwJTIyJTIwc3R5bGUlM0QlMjJib3JkZXIlM0EwJTIyJTIwYWxsb3dmdWxsc2NyZWVuJTNFJTNDJTJGaWZyYW1lJTNF&#8221; title=&#8221;Der Weg zu uns &#8230;&#8221;][\/vc_column][\/vc_row][vc_row][vc_column][vc_column_text]Kontakt:\u00a0<a href=\"mailto:THW@fb-rodgau.de\" target=\"_blank\">THW@fb-rodgau.de<\/a><\/p>\n<p>Gestaltung der Homepage:<br \/>\n<a href=\"http:\/\/www.wexdtp.de\" target=\"_blank\">www.wexdtp.de<\/a>[\/vc_column_text][\/vc_column][\/vc_row][vc_row][vc_column][vc_separator][\/vc_column][\/vc_row][vc_row][vc_column][vc_column_text]<strong>Rein private Webseiten sind zun\u00e4chst von der Impressumspflicht ausgenommen. \u00a7 5 TMG spricht von gesch\u00e4ftsm\u00e4\u00dfigen Online-Diensten, die ein Impressum ben\u00f6tigen. Auch \u00a7 55 RStV geht davon aus, dass bei Webseiten, die ausschlie\u00dflich pers\u00f6nlichen oder famili\u00e4ren Zwecken dienen, kein Impressum notwendig ist.<\/strong><\/p>\n<p><strong>Links zu anderen Webseiten<br \/>\n<\/strong><br \/>\nUnser Online- Angebot enth\u00e4lt Links zu anderen Websites. Wir haben keinen Einflu\u00df darauf, dass deren Betreiber die Datenschutzbestimmungen einhalten. Wir sind als Anbieter f\u00fcr eigene Inhalte nach den allgemeinen Gesetzen verantwortlich. Von diesen eigenen Inhalten sind unter Umst\u00e4nden Links auf die von anderen Anbietern bereitgehaltenen Inhalte zu unterscheiden. F\u00fcr fremde Inhalte, die \u00fcber Links zur Nutzung bereitgestellt werden und besonders gekennnzeichnet sind, \u00fcbernehmen wir keine Verantwortung und machen uns deren Inhalt nicht zu Eigen. F\u00fcr illegale, fehlerhafte oder unvollst\u00e4ndige Inhalte sowie f\u00fcr Sch\u00e4den, die durch die Nutzung oder Nichtnutzung der Informationen entstehen, haftet allein der Anbieter der Website, auf die verwiesen wurde.<\/p>\n<p><strong>Haftungsausschluss<br \/>\n<\/strong><br \/>\nInhalt des Onlineangebotes<br \/>\nDie Freyen Bogensch\u00fctzen Rodgau \u00fcbernehmen keinerlei Gew\u00e4hr f\u00fcr die Aktualit\u00e4t, Korrektheit, Vollst\u00e4ndigkeit oder Qualit\u00e4t der bereitgestellten Informationen. Haftungsanspr\u00fcche gegen den Club, welche sich auf Sch\u00e4den materieller oder ideeller Art beziehen, die durch die Nutzung oder Nichtnutzung der dargebotenen Informationen bzw. durch die Nutzung fehlerhafter und unvollst\u00e4ndiger Informationen verursacht wurden sind grunds\u00e4tzlich ausgeschlossen, sofern seitens des Clubs\u00a0kein nachweislich vors\u00e4tzliches oder grob fahrl\u00e4ssiges Verschulden vorliegt. Die Freyen Bogensch\u00fctzen Rodgau behalten es sich ausdr\u00fccklich vor, Teile der Seiten oder das gesamte Angebot ohne gesonderte Ank\u00fcndigung zu ver\u00e4ndern, zu erg\u00e4nzen, zu l\u00f6schen oder die Ver\u00f6ffentlichung zeitweise oder endg\u00fcltig einzustellen.<\/p>\n<p><strong>Verweise und Links<br \/>\n<\/strong>Bei direkten oder indirekten Verweisen auf fremde Internetseiten (\u201eLinks&#8221;), die au\u00dferhalb des Verantwortungsbereiches der Freyen Bogensch\u00fctzen Rodgau liegen, w\u00fcrde eine Haftungsverpflichtung ausschlie\u00dflich in dem Fall in Kraft treten, in dem der Club von den Inhalten Kenntnis hat und es ihr technisch m\u00f6glich und zumutbar gewesen w\u00e4re, die Nutzung im Falle rechtswidriger Inhalte zu verhindern.<\/p>\n<p>Die Freyen Bogensch\u00fctzen Rodgau erkl\u00e4ren daher ausdr\u00fccklich, dass zum Zeitpunkt der Linksetzung die entsprechenden verlinkten Seiten frei von illegalen Inhalten waren. Der Verein hat keinerlei Einfluss auf die aktuelle und zuk\u00fcnftige Gestaltung und auf die Inhalte der gelinkten\/verkn\u00fcpften Seiten. Deshalb distanziert sie sich hiermit ausdr\u00fccklich von allen Inhalten aller gelinkten\/verkn\u00fcpften Seiten, die nach der Linksetzung ver\u00e4ndert wurden. Diese Feststellung gilt f\u00fcr alle innerhalb des eigenen Internetangebotes gesetzten Links und Verweise sowie f\u00fcr Fremdeintr\u00e4ge in vom Verein eingerichteten G\u00e4steb\u00fcchern, Diskussionsforen und Mailinglisten. F\u00fcr illegale, fehlerhafte oder unvollst\u00e4ndige Inhalte und insbesondere f\u00fcr Sch\u00e4den, die aus der Nutzung oder Nichtnutzung solcherart dargebotener Informationen entstehen, haftet allein der Anbieter der Seite, auf welche verwiesen wurde, nicht derjenige, der \u00fcber Links auf die jeweilige Ver\u00f6ffentlichung lediglich verweist.<\/p>\n<p><strong>Rechtswirksamkeit dieses Haftungsausschlusses<br \/>\n<\/strong>Dieser Haftungsausschluss ist als Teil des Internetangebotes zu betrachten, von dem aus auf dieser Seite verwiesen wurde. Sofern Teile oder einzelne Formulierungen dieses Textes der geltenden Rechtslage nicht, nicht mehr oder nicht vollst\u00e4ndig entsprechen sollten, bleiben die \u00fcbrigen Teile des Dokumentes in ihrem Inhalt und ihrer G\u00fcltigkeit davon unber\u00fchrt.[\/vc_column_text][\/vc_column][\/vc_row]<\/p>\n<\/section>","protected":false},"excerpt":{"rendered":"<p>[vc_row][vc_column][vc_gmaps link=&#8221;#E-8_JTNDaWZyYW1lJTIwc3JjJTNEJTIyaHR0cHMlM0ElMkYlMkZ3d3cuZ29vZ2xlLmNvbSUyRm1hcHMlMkZlbWJlZCUzRnBiJTNEJTIxMW0yMSUyMTFtMTIlMjExbTMlMjExZDIyMjUuMTQyNjMwMTY1NzA4NCUyMTJkOC44NTE1OTkzMTIyMDYzNzMlMjEzZDQ5Ljk5NzY2ODY4MjQ0Nzc3NCUyMTJtMyUyMTFmMCUyMTJmMCUyMTNmMCUyMTNtMiUyMTFpMTAyNCUyMTJpNzY4JTIxNGYxMy4xJTIxNG02JTIxM2U2JTIxNG0wJTIxNG0zJTIxM20yJTIxMWQ0OS45OTg0MTMxJTIxMmQ4Ljg1MDk0NjclMjE1ZTElMjEzbTIlMjExc2RlJTIxMnNkZSUyMTR2MTQ0NjU1MzQyMjc2NyUyMiUyMHdpZHRoJTNEJTIyNjAwJTIyJTIwaGVpZ2h0JTNEJTIyNDUwJTIyJTIwZnJhbWVib3JkZXIlM0QlMjIwJTIyJTIwc3R5bGUlM0QlMjJib3JkZXIlM0EwJTIyJTIwYWxsb3dmdWxsc2NyZWVuJTNFJTNDJTJGaWZyYW1lJTNF&#8221; title=&#8221;Der Weg zu uns &#8230;&#8221;][\/vc_column][\/vc_row][vc_row][vc_column][vc_column_text]Kontakt:\u00a0THW@fb-rodgau.de Gestaltung der Homepage: www.wexdtp.de[\/vc_column_text][\/vc_column][\/vc_row][vc_row][vc_column][vc_separator][\/vc_column][\/vc_row][vc_row][vc_column][vc_column_text]Rein private Webseiten sind zun\u00e4chst von der Impressumspflicht ausgenommen. \u00a7 5 TMG spricht von gesch\u00e4ftsm\u00e4\u00dfigen Online-Diensten, die ein Impressum ben\u00f6tigen. Auch \u00a7 55 RStV geht davon aus, dass bei Webseiten, die ausschlie\u00dflich pers\u00f6nlichen oder famili\u00e4ren Zwecken dienen, kein Impressum notwendig ist. Links zu anderen Webseiten <a class=\"more-link\" href=\"http:\/\/fb-rodgau.de\/?page_id=140\">Weiterlesen&#8230;<\/a><\/p>\n","protected":false},"author":1,"featured_media":0,"parent":0,"menu_order":0,"comment_status":"closed","ping_status":"closed","template":"","meta":[],"_links":{"self":[{"href":"http:\/\/fb-rodgau.de\/index.php?rest_route=\/wp\/v2\/pages\/140"}],"collection":[{"href":"http:\/\/fb-rodgau.de\/index.php?rest_route=\/wp\/v2\/pages"}],"about":[{"href":"http:\/\/fb-rodgau.de\/index.php?rest_route=\/wp\/v2\/types\/page"}],"author":[{"embeddable":true,"href":"http:\/\/fb-rodgau.de\/index.php?rest_route=\/wp\/v2\/users\/1"}],"replies":[{"embeddable":true,"href":"http:\/\/fb-rodgau.de\/index.php?rest_route=%2Fwp%2Fv2%2Fcomments&post=140"}],"version-history":[{"count":11,"href":"http:\/\/fb-rodgau.de\/index.php?rest_route=\/wp\/v2\/pages\/140\/revisions"}],"predecessor-version":[{"id":186,"href":"http:\/\/fb-rodgau.de\/index.php?rest_route=\/wp\/v2\/pages\/140\/revisions\/186"}],"wp:attachment":[{"href":"http:\/\/fb-rodgau.de\/index.php?rest_route=%2Fwp%2Fv2%2Fmedia&parent=140"}],"curies":[{"name":"wp","href":"https:\/\/api.w.org\/{rel}","templated":true}]}}